
Suppose -4*r - s - 104 = -1264, 570 = 2*r + 3*s. What is the remainder when r is divided by 139?
13
Let y(q) = 11*q - 11. Let j = 47 + -43. What is the remainder when y(j) is divided by 14?
5
Let b be 3/(-5) + 196/35. Suppose 263 = b*t - 32. What is the remainder when t is divided by 6?
5
Let r(j) be the first derivative of j**3/3 - 3*j**2/2 - 9*j + 8. What is the remainder when (-1 - 0) + 4 + 71 is divided by r(7)?
17
Suppose 3*j = 1 + 5. Suppose x = -0*x + j. Suppose 4*p - 180 = -0*p + 2*o, -5*p + 207 = x*o. What is the remainder when p is divided by 11?
10
Let l be 10/25 + 257/(-5). Let c = -25 - l. What is the remainder when c is divided by 15?
11
Suppose -3040 = -36*d - 4*d. Let b(l) = -l**2 + 6*l + 2. Let f be b(6). Suppose f*m + m = 78. Calculate the remainder when d is divided by m.
24
What is the remainder when (-2326434)/(-1313) + 2/13 is divided by 16?
12
Suppose 4*b + p = -p + 44, 43 = 3*b + 4*p. Suppose -7*q = -b*q + 30. Calculate the remainder when q is divided by 4.
3
Let d = -211 - -246. What is the remainder when 75 is divided by d?
5
Let u = -7 + 10. Suppose 5*r + 5*r - 88 = 2*r. What is the remainder when r is divided by u?
2
Suppose 4*s - w + 33 = 0, -s = -2*s - 3*w + 8. Let p(g) = -g**2 - 7*g + 13. What is the remainder when 64 is divided by p(s)?
12
Let n(g) = 32*g - 49. What is the remainder when n(3) is divided by 27?
20
Suppose -3*o + 131 + 79 = -5*j, -2*j - o - 73 = 0. Let k = j - -42. Calculate the remainder when 11 is divided by k.
2
Suppose 39 = -2*s - s. Let f be s + 28 + 1*2. Let t = -15 + f. What is the remainder when t is divided by 1?
0
Let p(j) = j**3 - 7*j**2 + 7*j + 6. Let t be p(6). Let m = t + -10. Suppose -135 = -m*o + 23. Calculate the remainder when o is divided by 16.
15
Let o(l) = l**2 - 11*l - 5. Let j(i) = 3 - 11*i + i**3 + 2 + 2*i + 6*i**2 - 7. Let p be j(-7). What is the remainder when 11 is divided by o(p)?
4
Let n = 199 - 179. Calculate the remainder when 177 is divided by n.
17
Suppose 224 = 3*m + 2*w, -m - 2*w - 3*w = -79. Calculate the remainder when 1775 is divided by m.
73
Let f = 3 + -5. Suppose -3*q + 27 = a, -5*a + 4 = 2*q - 1. Calculate the remainder when q is divided by -2*9/12*f.
1
Suppose 34*b - 33*b - 8 = 0. Suppose -b*i + 49 = 1. What is the remainder when 17 is divided by i?
5
Let s = 180 + -163. Calculate the remainder when s is divided by 5.
2
Let o be (-1 + 0 - -1) + 2. Suppose -q + o + 61 = 0. Suppose -5*d = -248 + q. Calculate the remainder when d is divided by 20.
17
Suppose 10*o + 16590 = 115*o. Let g = 31 + 9. What is the remainder when o is divided by g?
38
Let l be 3 - 7 - (-3 + -1). Suppose 5*i = -3*c + 27 + 151, i + 3*c - 38 = l. What is the remainder when i is divided by 19?
16
Suppose -s - 1 = 1. Let q(j) = -4*j - 6. Let i be q(s). Calculate the remainder when (9/9)/(i/78) is divided by 14.
11
Let i(t) = -t**3 - 16*t**2 + 16*t - 14. What is the remainder when 62 is divided by i(-17)?
2
Let p be 1*(-2 - 1)/(-3). Suppose d + p = 10. Suppose -4*u + 210 = 10*u. What is the remainder when u is divided by d?
6
Let m(d) = 23*d + 6. Let k be m(-5). Let v = -64 - k. Let a(x) = -x + 10. Calculate the remainder when v is divided by a(-2).
9
Suppose -67 = 17*l + 69. What is the remainder when (l/3)/(-3 + (-453)/(-153)) is divided by 8?
4
Suppose 4*t - 199 = -5*k, t = 5*k - 15 - 204. Suppose -k + 82 = 3*n. Let x(p) = 2*p**2 + p + 3. Calculate the remainder when x(-5) is divided by n.
9
Let j be 7/14 + 29/2. Suppose -j = -3*o - 2*o. Calculate the remainder when o is divided by (-1 + 6/3)*2.
1
Suppose 169 = -34*j + 37*j - 5*a, -4*a = -4. What is the remainder when 1158 is divided by j?
56
Let t(m) = m**2 - 2*m - 4. Let z be t(6). Let p(c) = -c**3 + c**2 + 3*c - 5. Let i be p(2). Let j = z - i. What is the remainder when 66 is divided by j?
20
Suppose -b + 7 = -4. What is the remainder when 41 - (2 + 3 + -7) is divided by b?
10
Suppose -11 = 3*p + 22. Let z(b) = -9*b + 12. What is the remainder when z(p) is divided by 16?
15
Suppose 88*d - 143 = 77*d. Calculate the remainder when 47 is divided by d.
8
Suppose 0 = -0*m + 2*m - 34. Let r = m - 11. Calculate the remainder when 27 is divided by r + (2 + -1 - 0).
6
Suppose -2*d - f + 48 = 0, -5*f - 91 = -3*d - 45. What is the remainder when 91 is divided by d?
3
Suppose -3*z + 7 = -8. Let g be ((-126)/(-35))/(1/z). Suppose 7*x - 9*x = -g. Calculate the remainder when x is divided by 5.
4
Let g = -21 - -22. Suppose 64 = 5*h - g. Let y = -118 - -167. Calculate the remainder when y is divided by h.
10
Suppose -2*x = 2*y - 28, -4 - 32 = -2*y - 4*x. Let w(m) = -m**3 - 6*m**2 - 3*m - 12. Calculate the remainder when w(-7) is divided by y.
8
Suppose 11*f - 333 = -223. What is the remainder when 49 is divided by f?
9
Let u = 16345 - 16334. Let g(l) = 36*l**3 + 2*l**2 - 1. Calculate the remainder when g(1) is divided by u.
4
Let g(j) = 5*j - 55. Calculate the remainder when g(17) is divided by 15.
0
Suppose 0 = -2*s - 16 - 4. Let a = 25 + s. Let w = 27 + -23. Calculate the remainder when a is divided by w.
3
Let d(w) = -19*w + 313. Calculate the remainder when d(-6) is divided by 43.
40
Suppose 3*v + 4*y + 98 = 5*v, 46 = v + y. What is the remainder when 1877 is divided by v?
44
Suppose 0 = 3*a + 108 - 114. Calculate the remainder when 10 is divided by a/5 + 414/90.
0
Let u(s) = -s**3 - 4*s**2 - 4*s - 6. Let m be u(-6). Let c = m - 80. What is the remainder when 46 is divided by c?
6
Let z = 40 + -17. Suppose 7*k - 39 = 59. Calculate the remainder when z is divided by k.
9
Let r be (-1 - 4)*(-14)/5. Let z = r + -11. Suppose -3*i + i + 19 = -5*a, z*a = 15. What is the remainder when i is divided by 12?
10
Suppose n + 296 = -4*x + 3*n, 5*x = 2*n - 370. Let p = x + 110. Calculate the remainder when 21 is divided by (p/4)/((-6)/(-8)).
9
Suppose -27*v = -440 - 505. What is the remainder when 173 is divided by v?
33
Let h be (-6 - -3)*-1 + 26. Suppose -82 = -2*i + 4*n, i - h - 12 = -4*n. Suppose j + 21 = 2*j. Calculate the remainder when i is divided by j.
20
What is the remainder when (1278/(-15))/(57/(-190)) is divided by 18?
14
Suppose d - 2 = -0*d. Suppose 3*n = -d*n + 20. Suppose 0 = 4*z - 4*g - 68, 5*z + n*g + g - 85 = 0. What is the remainder when z is divided by 6?
5
Let j(r) = 15*r. Let v be j(11). Suppose 3*t + 41 = z, -5*z - 3*t + v = 2*t. What is the remainder when 137 is divided by z?
32
Let n be 364/2 - (3 + -2). Suppose -n = -5*v + 89. Suppose 0 = 9*z - 26*z + 238. Calculate the remainder when v is divided by z.
12
What is the remainder when 50 is divided by ((-1 - 2) + 0)*(-85)/15?
16
Suppose 4*i + 904 - 272 = 2*a, 5*i + 10 = 0. Suppose 11*c + 75 = 16*c. Calculate the remainder when a is divided by c.
12
Let m = -1535 + 1546. Suppose 5*b - 164 = -4*f, 92 = 3*b - f - 3. What is the remainder when b is divided by m?
10
Suppose -7*o + 3*w + 7 = -3*o, -o - 4*w = -16. Suppose -2*c + 4*g = -18, 0*g - 8 = o*g. What is the remainder when 7 is divided by c?
2
Let n = 636 - 615. Calculate the remainder when n is divided by 15.
6
Let h = -115 + 146. What is the remainder when 121 is divided by h?
28
Suppose -3*j + q + 18 = 0, -7*j + q + 28 = -2*j. Let k = 61 + -33. Suppose -3*f + k = -2*u, 3*f - 2*u = -4*u + 8. What is the remainder when f is divided by j?
1
Suppose 10*i - 394 - 1626 = 0. What is the remainder when i is divided by 5?
2
Let i = -2 + 6. Let a be -5 - i - (2 + 1). Let g = 6 - a. Calculate the remainder when 34 is divided by g.
16
Let w = 79 - 28. What is the remainder when w is divided by 13?
12
Suppose 159*k - 42 = 156*k. Calculate the remainder when 79 is divided by k.
9
Suppose 0 = 4*q + 3*n - 248, 0*n - 310 = -5*q + 2*n. Calculate the remainder when q is divided by (-5 + 4)*-34 - (3 + -1).
30
Suppose 0 = 4*t + 2*h - 12, -t - 4*t + 4*h - 11 = 0. Calculate the remainder when 64 - 3*((-1)/t)/1 is divided by 10.
7
Let p(g) = 5*g**3 - 11*g**2 - 5*g - 11. Let r(a) = 11*a**3 - 23*a**2 - 10*a - 22. Let x(m) = 9*p(m) - 4*r(m). What is the remainder when 38 is divided by x(8)?
12
Let h = 9 - 3. Suppose -3*g + h*g - 1 = 5*t, g + 2*t - 4 = 0. Suppose i - 409 = -5*v, g*i = 2*v - 2*i - 168. What is the remainder when v is divided by 21?
19
Suppose -14*z + 20*z = -600. Let x = z + 131. Calculate the remainder when 91 is divided by x.
29
